 - 104 - (27 - (-2 - 0)).
-28
Evaluate (68 - 147 - -5) + (4 - -6).
-64
What is the value of -27 + -23 + (24 - -5) + 24?
3
Calculate ((26 - -1) + 17 - 17) + -84.
-57
What is 9 + (-7 - -37) - (-27 + -6)?
72
Calculate 85 - (-3 + (-15 - (-9 + -8 + -1))).
85
Evaluate (-69 - 4) + (-70 - -26 - -74).
-43
19 - (1 - (17 - 19) - 17)
33
-7 - -53 - (233 + -198)
11
Calculate (13 - (9 - (11 + -17))) + (3 - -12).
13
Evaluate (25 - -147) + -158 - (-82 + 0 + 2).
94
Calculate (-55 - -29 - -61) + ((-7 - -1) + 1 - -7).
37
What is the value of -69 + 92 + (-24 - 4) - 27?
-32
51 - (13 - (21 + -10 - (3 - -1)))
45
Calculate -176 - -226 - (12 + -2).
40
Evaluate (0 + -2 + -1 - 102) + (-143 - (-43 + -108)).
-97
-14 - (-14 + 3) - (-4 - (3 + -1) - 92)
95
Evaluate 20 + -56 + 32 + 28.
24
What is the value of 20 - (58 - (26 + (-35 - -21)))?
-26
Calculate -12 + -36 + -7 + 22 + -2.
-35
What is 58 + (-4 - (-4 + 26))?
32
What is (-81971 - -81961) + 0 + (-1 - (1 + -2)) + -33?
-43
Calculate (45 - 75) + 3 + -6.
-33
Calculate 8 + -22 + -30 + 54 + -31.
-21
Calculate -8 - (-46 - 29) - 39.
28
What is the value of -36 + (75 - 59) + -42?
-62
(1 - -11 - (52 + -45)) + -4 + 23
24
Calculate -28 - (-119 - (65 - 118)).
38
106 - (8 - (-7 + -19) - 26)
98
20 - -2 - (11 + 35 + -87) - -5
68
935 - 958 - (0 - -123)
-146
What is the value of 1 + 18 - (-21 + -15 + 33)?
22
(19 - 11 - 8) + -20 + 39
19
What is the value of 5 + -35 + -33 + 60 + -14?
-17
Calculate -24 + (-11 - (8 + -18)) - -5.
-20
What is the value of 28 - (-3 + 57 - 72)?
46
Evaluate 0 + 51 - (-2903 + 2871).
83
What is -50 + (-12 - -102) + 8?
48
(7 - 0) + (97 - 98) - (-17 + 3 + 3)
17
What is (14 - 1) + (23 - (14 - ((1 - 15) + 13)))?
21
Calculate -22 - (14 - -35) - -48.
-23
What is 1907 + -1904 + (-35 - -1) + 0 + -1?
-32
What is -138 + 164 - (-5 + -2 + 40)?
-7
(36 - 42) + 10 + -10 + 15 + -9
0
What is 5 + -7 + -13 + (-8 + -10 - -28)?
-5
What is the value of -68 + 24 + 13 + 77?
46
Calculate (-56 - -36) + 25 - (-26 + 3).
28
What is -10 + -136 + 386 + -320?
-80
What is the value of (-17 - -17) + (-8 - (0 + (5 - 0))) + -91?
-104
Calculate 9 - -11 - (22 - -7 - -24).
-33
(231 + -112 - 241) + 29
-93
Calculate 698 + -683 + (15 - -11).
41
8 + (-54 - (76 - 151))
29
Evaluate (-9 - 50) + (69 - -51).
61
What is the value of (61 - -19) + 39 + -112?
7
-57 - -20 - (-92 - -40)
15
Evaluate -5 - (-29 - -1) - (-138 - -186).
-25
Evaluate -38 - (-27 - -26 - 46).
9
(10 - 56) + 81 - 35
0
What is the value of (122 - 15) + -11 + (17 - (42 - 20))?
91
Calculate 12 + (-15 - (14 - (29 + -12))) + 10.
10
(26 - 25) + -29 - (-2 + 13)
-39
Calculate -103 + (19 - 8 - 3) - (29 - 45).
-79
What is (716 - 701) + 0 + 18?
33
What is the value of 24 - (154 - 116 - (44 - 4))?
26
Evaluate 58 + (-23 - -67) - 49.
53
Evaluate (2 - -11 - 5) + -3 + (0 - -5 - -31).
41
65 + -87 + 80 + -10
48
What is (18 - (145 + -137)) + (1 - (-1 - -22))?
-10
What is 111 + -50 + -6 + 0 + -112 + 112?
55
What is (11 - 9 - -6) + (5 - (-12 - -40))?
-15
Evaluate (-12 - (6 + -7)) + 31 + -26.
-6
15 - (42 + -30) - -14
17
-220 + (79 - -134) + 2 + -34
-39
What is (-31 + 9 - -1) + 20 + 41?
40
Calculate -38 + (-29 - (4 + 12 - 12)).
-71
Calculate 22 + (-25 - -11 - 16) + -28.
-36
What is the value of -44 - (-136 + (-5 - -59))?
38
Calculate (-11 - ((14 - 5) + 13 + -1 + -1)) + -4.
-35
Evaluate 28 - (-21 - ((15 - 0) + -39)).
25
Calculate (-7 - (3 + -6) - -8) + 1 - 61.
-56
What is (-74 + 76 - (-5 - (-3 - 16))) + 29?
17
Evaluate (15 - ((0 - 5) + 9) - -10) + -2.
19
Evaluate 34 - (13 - -2 - (26 + -4)).
41
Evaluate -25 + 113 + (2 - (-4 - (-4 - -1)) - -1).
92
Calculate -125 - (-177 + 116 - 9).
-55
What is the value of (6 + 5 + -3 + 0 + 1 - 79) + -13?
-83
What is 139 + 31 + -156 + -89 + -1?
-76
15 - (48 + (13 - -3))
-49
What is -125 - 74 - -53 - -98?
-48
5 + (-3 + -17 - -12) + (1 - 42)
-44
-7 - (-6 - -19) - (79 - 36)
-63
What is (55 + -51 - (3 - 4)) + 5 + 4?
14
Evaluate -10 - (53 - 58 - -11).
-16
What is 103 + (-11 - -4 - 45)?
51
What is the value of 2 - -60 - (4 - 6) - (-14 - (-24 - -3))?
57
Calculate 112 - (53 - 1 - (-1201 + 1233)).
92
Evaluate 43 + 5 + (-6 - -3) + 5 + -22 + 10.
38
What is the value of (19 - (24 + -7 + -14)) + -21?
-5
Calculate 249 + -254 - (-85 + -1 - (3 - -3)) - -9.
96
What is -24 + (98 - (-42 + 27 - 10))?
99
What is the value of 1 + 153 - (141 - (112 - 15))?
110
-202 - (-113 + -25 + 65)
-129
Calculate 15 + (59 - 24) - 59.
-9
What is the value of -73 + (153 - -66) + -169?
-23
119 - (17 + (-42 - -5)) - (-40 + 60)
119
What is the value of (-7 - (16 + -14 + -12)) + -4 + (-44 - -1)?
-44
What is the value of 38 + -32 - (-22 + 50)?
-22
Calculate 0 + -13 + (6 - (11 + -4) - 6).
-20
What is the value of 47 + -6 + 19 + 5?
65
Calculate -31 + (-10 - -63) + (-57 - 4 - 2).
-41
Evaluate 2 + 29 - (83 - (-140 + 101)).
-91
What is the value of 3 + -6 + 12 + (2 - -6) + 30?
47
What is 21 + (16 - 44) - -8?
1
What is the value of (-4 - -12 - 16) + (4 - -2) + -20 + -1?
-23
What is the value of -16 + -31 + -27 + 80 - (74 + 4)?
-72
What is the value of 23 + (17 - (17 + 31 + 18))?
-26
Calculate -71 + 65 - (-8 - 30 - -2).
30
Calculate -428 + 341 + 120 + 33 + 0.
66
What is -40 - (17 + 4 - -11 - 23)?
-49
Evaluate 0 + (-19 - (-4 - -12)) - (10 + -31).
-6
Evaluate 28 + 17 + -9 + (-9 - (6 - 15)) - 4.
32
What is -4 - -2 - (-87 - (18 + 10 + -25))?
88
Evaluate -90 + (-71 - -110) - (-6 + -25).
-20
What is 6 + (4 - (-9 + 5 + -8))?
22
Evaluate 1194 - 1156 - (47 - -1).
-10
What is the value of -1 + (-17 - (15 - (-16 + 57))) + -3 + -6?
-1
Evaluate (-127 - -153) + 4 + (28 - 21) + (-5 - -1).
33
What is the value of -2 - -18 - (-57 - (129 + -138))?
64
What is the value of -64 + (-23 - -96) + (0 + 0 - (-9 - -79))?
-61
Evaluate (-23 - 22) + 46 + 19.
20
What is the value of (0 - (-10 + (15 - 1) - (4 - 8))) + -23?
-31
What is -12 + 5 - (0 + 9 + -4 + -76)?
64
What is the value of (18 - (-5 - -10)) + 38 + -12?
39
Evaluate 28 - 23 - 0 - (-2 + 0 + -2).
9
What is the value of (-2 - 8) + (-19 - -13) + -5 - -5?
-16
What is -63 - ((4 - 42) + (31 - -10))?
-66
Evaluate 82 + 40 - (-24 - -69).
77
What is the value of 1 + 15 - ((63 - 72) + (69 - 41))?
-3
Calculate -36 + -62 + 87 + 84.
73
(0 + 6 + -14 - (-31 - -9)) + (-3 - 14)
-3
4 - (3 - -12) - (92 - -3)
-106
(-17 - -9 - -94 - -3) + -24 + 27
92
Calculate -25 + 4 + (14 - (-6 + 37 + -18)).
-20
What is 24 - (12 - (-39 + 39 + 0 + 6))?
18
What is 12 + (10 + (73 - 48) - 191)?
-144
-48 + (-62 + 93 - (11 - -1)) + -12
-41
Evaluate (96 - (-4 - -3)) + -7 - 34.
56
Calculate -22 - 2 - ((-46 - -73) + (-16 - 1)).
-34
What is the value of -9 + -3 + 1 + (-7 - (4 - 69))?
47
-16 - (-25 - -7 - (-2 + -13)) - -87
74
(-89 - 8 - -12) + -2 + (-7 - (-7 - 5))
-82
(-17 - 2) + (10 - (23 + (-3 - 8))) + -5
-26
Calculate (3 - (7 - 19)) + -7 - ((66 - -2) + -10).
-50
Calculate -29 - (349 + -367 - (-24 + (0 - -3))).
-32
Evaluate 174 + -232 + 61 + -1 + -24.
-22
What is the value of (-2 + -8 - (-12 - -15)) + -5 - (-129 - -133)?
-22
Calculate 101 + -116 - (-1 + -51 - 1).
38
What is the value of 1957 + -2033 + -3 + (-1 - 0)?
-80
What is the value of -1 + -20 + 6 + 0 + -1?
-16
Evaluate -66 + (24 + 50 - 32).
-24
What is the value of -28 - (-67 + 52) - -42?
29
Calculate (-18 - (3 - (59 - 21))) + -102.
-85
What is the value of (1 - 74) + -5 + 7 - (66 - (6 - -63))?
-68
(6 - 20 - -2) + -8 + 29 - 39
-30
What is -240 - -232 - (6 - 25)?
11
Calculate -28 - -36 - -87 - 50.
45
What is 1 + (21 - 5 - (10 + -7) - 4) - 37?
-27
Evaluate (-26 + -2 - 3 - (-3 + -13)) + -63.
-78
What is -5 - -57 - (44 - (27 + -14) - 16)?
37
0 + 89 + (2423 - 2389 - (42 + 0))
81
Calculate -1 + -25 - ((17 - 158) + 50).
65
What is (6 - (12 + -24 - -5)) + 8 + 46?
67
Calculate 10 + (67 - 11) + (-14 - (-7 + 0)).
59
-33 - (5 - 14) - (-596 - -580)
-8
Calculate 49 + 229 + -245 - (-18 - -1).
50
3 + -10 + (16 - 12) + 10 + -7
0
What is -35 - -5 - (-6 + 19 + 41)?
-84
Calculate (0 - -59) + -47 - (3 + (-1 - -3)).
7
Calculate 1 - 2 - (-29 + 11 + -21 + 32 - -149).
-143
Evaluate 20 + -11 - 5 - (-6 + 6 + 5 - -21).
-22
Evaluate 3 + 3 + -7 - (47 + (17 - 33)).
-32
(-22 - (0 + 0)) + (10896 - 10870)
4
Evaluate 5 + -4 + (1 + (-14 - -5) - -89 - -13).
95
Evaluate 27 + -46 - -26 - (-12 + -34 + 8).
45
What is the value of (12 - (4 - -22) - 23) + 37?
0
(9 - (-11 - 3)) + 1 + -20
4
116 + (5 - 1) - (-40 - (100 - 137))
123
-2 - -1